-1 - 1). Suppose o = -2*f - 6 + 14. Suppose 5*v + 43 = 2*h - h, -v - 3 = 0. What is the greatest common divisor of f and h?
4
Let v be (-4)/(-10) - (-1806)/35. Let g be -3 - (-1 + (-25)/5). Suppose 6*s - g*s = 390. What is the greatest common factor of s and v?
26
Suppose 36 = 3*y - 45. Let z be y/(-45) - 203/(-5). Suppose 0 = 3*v - v - z. What is the highest common factor of 140 and v?
20
Suppose -5*l = 3*t - 85, 5*l = 4*t - 50 - 5. Let f = 192 - 32. What is the greatest common divisor of f and t?
20
Let g be 17 - 0*2/(-8). Let h be 21/(-84) - (-273)/4. Calculate the greatest common divisor of h and g.
17
Let c be (-14)/140 + 427/70. Let y(a) = a**2 + 4*a + 7. Let v be y(-5). Calculate the greatest common factor of v and c.
6
Suppose 5 = -5*l - 0*l. Let t be l/((6/15)/(-2)). Suppose 7 = b + x - 6, -2*b - 3*x + 29 = 0. Calculate the highest common factor of b and t.
5
Suppose 2*r - r + 95 = 5*t, 3*t - 5*r - 79 = 0. What is the highest common divisor of 36 and t?
18
Let f(j) = -j**3 - 6*j**2 + j - 10. Let d be f(-7). Suppose -10*v - 5*y = -8*v - 180, 0 = -5*v + 4*y + 384. What is the greatest common divisor of d and v?
16
Let l = 5 - -21. Let n(z) = z**2 + 2*z + 2. Let o be n(-2). What is the highest common divisor of o and l?
2
Let v = -13 + 6. Let t = v + 43. Suppose -2*j + t = 2*j. Calculate the greatest common factor of j and 18.
9
Let a be (-7)/7*(-1 + (-38 - -1)). What is the greatest common divisor of a and 38?
38
Let q(l) = -5*l + 4. Let k = -54 - -26. Let c = -30 - k. Let p be q(c). What is the highest common divisor of p and 126?
14
Let l = -2292 + 2328. Let o = -23 - -32. Calculate the greatest common factor of o and l.
9
Let w(a) = -8*a**2 - 44*a. Let c be w(-5). What is the greatest common factor of 45 and c?
5
Suppose 6*h - 303 = 75. Let c = h - 15. Calculate the highest common divisor of 72 and c.
24
Let r = -2426 - -3847. What is the greatest common divisor of 98 and r?
49
Suppose 3*k = k. Let x be (2 + -10)*(71 - k). Let v be x/(-32) - (-3)/(-4). What is the highest common factor of 34 and v?
17
Let l be 4/18 - 238/(-63). Suppose -3*i + l*y - 245 = 0, -3*i + 5*y - 326 = i. Let n = i - -114. Calculate the highest common divisor of 5 and n.
5
Suppose -1071 = -7*c + 1596. Calculate the highest common divisor of 889 and c.
127
Let j be 0/(-2) + (-12)/(-4) + 60. What is the greatest common divisor of 18 and j?
9
Let u(c) = 13*c**2 + c - 3. Let i be u(-6). What is the greatest common divisor of 204 and i?
51
Suppose 0 = -5*c + 38 + 47. Let w = 1725 + -1606. What is the greatest common factor of c and w?
17
Suppose 20*d - 19*d = 0. Suppose 2*q + 4*q - 60 = d. What is the greatest common divisor of 70 and q?
10
Suppose 2*l + 182 = 3*m, -3*m = -7*m + 3*l + 243. Let n(k) = -k**2 + 11*k + 16. Let i be n(8). Calculate the greatest common divisor of m and i.
20
Let j(v) = -32*v + 1. Let b be j(-1). Suppose 32 = 5*i - b. Suppose 56 = 4*f + 4. Calculate the greatest common divisor of f and i.
13
Let t = -1 - -3. Let b(i) = 7*i. Let p be b(t). Suppose 504 = -2*w + 6*w. What is the highest common divisor of w and p?
14
Suppose 6*t - 3*x + 2*x = 125, 0 = 3*x - 3. What is the highest common factor of t and 42?
21
Let j = 21 + 222. Calculate the greatest common factor of j and 135.
27
Suppose -45 = d - 6*d. Suppose 0 = 2*o - t + d - 37, -3*t = -3*o + 45. Calculate the highest common divisor of 65 and o.
13
Let m = 473 - 315. Let x = -105 + m. Suppose -2*v + 57 + x = 0. What is the greatest common divisor of v and 5?
5
Suppose -4*i = -s - 19, 9 = 5*s + 4*i - 16. Let m be (29 + s)*-2*(-1)/2. Calculate the greatest common divisor of m and 20.
10
Let y(q) = q**2 - 20*q + 29. Let s be y(21). Suppose -3*x = -5*x + s. What is the greatest common factor of x and 225?
25
Suppose -87 - 33 = -4*p. Calculate the highest common factor of p and 4.
2
Let q be -3 + ((-2)/3)/(16/(-7752)). Calculate the highest common divisor of q and 10.
10
Let v(f) = f**3 + 10*f**2 - 11*f + 12. Let b be v(-11). Calculate the greatest common divisor of 60 and b.
12
Suppose 3*x = 7*j - 2*j + 37, 5*j = -10. Let d be 3 - 3 - (-72 - 0). Calculate the highest common divisor of x and d.
9
Let w = 803 + 33. Calculate the highest common divisor of w and 44.
44
Suppose 4*x + 45 = 3*y + 2*y, 0 = -3*y - 5*x - 10. Calculate the greatest common factor of 325 and y.
5
Let f(l) be the first derivative of -5*l**2 - 1/3*l**3 + 4 + 15*l. Let k be f(-11). Calculate the greatest common factor of k and 4.
4
Suppose 3*l + 3*t - 171 = 0, -9*t + 11*t + 210 = 4*l. Suppose -2*n - 3 = 5*a, 0*a + 2*a = 4*n - 30. What is the highest common factor of n and l?
6
Let c be 361 + 0/1 + (69 - 73). What is the highest common divisor of 21 and c?
21
Let h(m) = -7*m + 45. Let c be h(11). Let b = 56 + c. Let l = -10 + 18. Calculate the greatest common divisor of l and b.
8
Suppose -4*q + 354 = -78. Calculate the greatest common divisor of q and 144.
36
Let g(c) = -4*c + 43. Let o be g(7). Calculate the greatest common factor of o and 825.
15
Suppose 5*d - 5 = -0. Let x be (-16 - -1)*(-8)/(-12). Let f(c) = -c - 5. Let o be f(x). What is the greatest common factor of o and d?
1
Suppose -1029 - 1259 = -26*b. What is the highest common divisor of b and 968?
88
Let c be (-8)/10*5/(-2). Let m = -27 - -26. Let a be m/c*(-27 - -9). Calculate the greatest common divisor of a and 18.
9
Suppose 0 = -2*y + 71 - 47. Let v be 415 + (-1 - (0 - 0)). Suppose 2*c = -5*f + v, -2*f + 0*f + 4*c = -180. What is the greatest common divisor of f and y?
12
Let q(x) = -x**2 + 26*x - 27. Let n be q(25). Let a be (4 + n + -4)*(-34)/4. Calculate the greatest common divisor of a and 170.
17
Suppose -k + 13 = 3*o, -3*k = 18*o - 23*o - 95. Suppose -33 = -2*a + 17. Calculate the highest common factor of k and a.
25
Let g(f) = -f**3 - 4*f**2 - f. Let u be g(-4). Suppose 651 = 2*i + 4*n - 127, -u*i - n + 1542 = 0. What is the highest common divisor of 35 and i?
35
Let g be 6 + -4 - 8/4. Let k be g*(-5)/(-25) + 3. Suppose 3*b - 123 = -3*y, 0*b - b = -k. What is the greatest common divisor of 38 and y?
38
Let j(m) = -m**2 + 6*m - 13. Let k be j(6). Let u = k + 19. Calculate the greatest common divisor of 15 and u.
3
Let f(t) = -t + 5. Let y be f(-9). Let v be (-420)/(-98) + (-4)/y. Calculate the greatest common divisor of v and 16.
4
Let m(o) = -8*o + 12. Let v be m(-6). Suppose 5*y = -f + 74, -2*f + f = 4*y - v. Calculate the greatest common divisor of 28 and y.
14
Let y be (-4)/(-26) - (25998/26)/(-7). Calculate the greatest common factor of 33 and y.
11
Suppose -3*t - 18 = -5*t. Suppose g = t*g - 1080. Calculate the greatest common divisor of 54 and g.
27
Suppose 1060 = 4*g + 5*z, -g + 5*g = -6*z + 1064. What is the greatest common divisor of 156 and g?
52
Suppose 4*k + 5 = -o - 0, 2*o - 2 = -5*k. Suppose w - 92 = 3*z, 205 = 2*w - 5*z + 20. Let q = -51 + w. What is the greatest common divisor of o and q?
11
Suppose -8*b = -8730 + 946. What is the highest common divisor of 7 and b?
7
Let t be -14 + 13 - (-6 - -1). Suppose -3 = -t*q + 57. Suppose 0 = -4*w + 16, i + i - 3*w - 138 = 0. What is the greatest common factor of q and i?
15
Let v = 187 + -99. What is the greatest common divisor of 22 and v?
22
Let r(x) = 11*x + 8. Let q be r(-3). Let d = 38 + q. Calculate the greatest common factor of 13 and d.
13
Let h be (-42)/(-5) + 2/(-5). Suppose -793*o + 20 = -783*o. What is the highest common divisor of h and o?
2
Let h(k) = -45*k - 1. Let l be h(-1). Let r = 117 - 106. What is the highest common divisor of r and l?
11
Let z be -3*(-6)/72 + 103/4. Let m = z + -5. What is the greatest common divisor of 168 and m?
21
Suppose -240 = -2*s - 2*s + 4*a, -2*a - 246 = -4*s. Calculate the highest common divisor of 147 and s.
21
Suppose -50 = -2*g - 5*u, g - 4*u - 19 + 7 = 0. Let i(a) = -46*a + 2. Let v be i(-3). What is the greatest common factor of g and v?
20
Let l be 67 - ((-18)/(-6) + 0). Let k be 0/1 + (1 - 1). Suppose k = w - l. Calculate the highest common factor of w and 160.
32
Let u be (93/5)/(30/100). Calculate the highest common factor of 4 and u.
2
Let x(v) = 20*v + 4. Let c be x(4). Let p = c - 51. Calculate the greatest common divisor of p and 22.
11
Let y(w) = -w**2 - 13*w - 19. Let i be y(-13). Let r = 89 - i. Calculate the greatest common fa